{"id":2,"date":"2019-03-13T09:49:44","date_gmt":"2019-03-13T09:49:44","guid":{"rendered":"https:\/\/hanta-yo-riding.de\/?page_id=2"},"modified":"2025-04-23T18:39:28","modified_gmt":"2025-04-23T18:39:28","slug":"sample-page","status":"publish","type":"page","link":"https:\/\/hanta-yo-riding.de\/","title":{"rendered":"Propferd &#8211; Promensch"},"content":{"rendered":"\n<p>Konsens statt Dominanz. Die Kommunikation zwischen dem Pferd und dem Kind als Einheit liegt im Fokus. Die Kinder lernen spielerisch wie Pferde sich mitteilen, wie sie denken und f\u00fchlen. Das f\u00f6rdert die Empathie und einen fairen und bewussten Umgang mit Tieren.<\/p>\n\n\n\n<p>Mit meinen Pferden biete ich Reittherapie im Einzelsetting und inklusive Reitp\u00e4dagogik in Kleingruppen an.<\/p>\n\n\n<div class=\"wp-block-image\">\n<figure class=\"aligncenter size-large is-resized\"><img decoding=\"async\" loading=\"lazy\" src=\"https:\/\/hanta-yo-riding.de\/wp-content\/uploads\/2021\/08\/237788244_1204028090076093_7036036302858300237_n-4-1024x1024.jpg\" alt=\"\" class=\"wp-image-662\" width=\"345\" height=\"345\" srcset=\"https:\/\/hanta-yo-riding.de\/wp-content\/uploads\/2021\/08\/237788244_1204028090076093_7036036302858300237_n-4-1024x1024.jpg 1024w, https:\/\/hanta-yo-riding.de\/wp-content\/uploads\/2021\/08\/237788244_1204028090076093_7036036302858300237_n-4-300x300.jpg 300w, https:\/\/hanta-yo-riding.de\/wp-content\/uploads\/2021\/08\/237788244_1204028090076093_7036036302858300237_n-4-150x150.jpg 150w, https:\/\/hanta-yo-riding.de\/wp-content\/uploads\/2021\/08\/237788244_1204028090076093_7036036302858300237_n-4-768x768.jpg 768w, https:\/\/hanta-yo-riding.de\/wp-content\/uploads\/2021\/08\/237788244_1204028090076093_7036036302858300237_n-4-80x80.jpg 80w, https:\/\/hanta-yo-riding.de\/wp-content\/uploads\/2021\/08\/237788244_1204028090076093_7036036302858300237_n-4.jpg 1440w\" sizes=\"(max-width: 345px) 100vw, 345px\" \/><\/figure><\/div>\n\n\n<h4 class=\"wp-block-heading\"><br>Die Reittherapie <\/h4>\n\n\n\n<p>Die Reittherapie richtet sich an Kinder zwischen 3 und 17 Jahren, die Unterst\u00fctzung im Sozial- emotionalen Bereich ben\u00f6tigen, sowie Kinder mit Sprachst\u00f6rungen, Verhaltensauff\u00e4lligkeiten oder Entwicklungsst\u00f6rungen.  Die Kinder entdecken viele ihrer F\u00e4higkeiten neu und ihr Vertrauen in die eigene Leistungsf\u00e4higkeit w\u00e4chst. <\/p>\n\n\n\n<p>Pferde haben eine niedrigere Atemfrequenz als wir, dies wirkt sich besonders beruhigend und entspannend aus, wenn wir in engen Kontakt zu ihnen sind. Alle Sinnesbereiche und die Wahrnehmung werden dabei geschult. Die Kinder lernen in der Reittherapie vorausschauend zu planen, ihre Konzentration und Ausdauer wird gesteigert und ihre Frustrationstoleranz erh\u00f6ht. Durch die Bewegung des Pferdes werden zahlreiche Muskeln stimuliert und die Motorik und K\u00f6rperwahrnehmung verbessert. <\/p>\n\n\n\n<p>Die Reittherapie findet im Einzelsetting statt. Verf\u00fcgbare Pl\u00e4tze: \/<\/p>\n\n\n<div class=\"wp-block-image\">\n<figure class=\"aligncenter size-large is-resized\"><img decoding=\"async\" loading=\"lazy\" src=\"https:\/\/hanta-yo-riding.de\/wp-content\/uploads\/2022\/03\/kaja-683x1024.jpg\" alt=\"\" class=\"wp-image-742\" width=\"355\" height=\"533\" srcset=\"https:\/\/hanta-yo-riding.de\/wp-content\/uploads\/2022\/03\/kaja-683x1024.jpg 683w, https:\/\/hanta-yo-riding.de\/wp-content\/uploads\/2022\/03\/kaja-200x300.jpg 200w, https:\/\/hanta-yo-riding.de\/wp-content\/uploads\/2022\/03\/kaja-768x1152.jpg 768w, https:\/\/hanta-yo-riding.de\/wp-content\/uploads\/2022\/03\/kaja-1024x1536.jpg 1024w, https:\/\/hanta-yo-riding.de\/wp-content\/uploads\/2022\/03\/kaja-53x80.jpg 53w, https:\/\/hanta-yo-riding.de\/wp-content\/uploads\/2022\/03\/kaja.jpg 1365w\" sizes=\"(max-width: 355px) 100vw, 355px\" \/><\/figure><\/div>\n\n\n<h3 class=\"wp-block-heading\">Inklusive Reitp\u00e4dagogik<\/h3>\n\n\n\n<p>Das inklusive, reitp\u00e4dagogische Konzept richtet sich an alle Kinder im Alter von 4-10 Jahren und legt die Basis f\u00fcr einen sicheren und artgerechten Umgang mit Pferden. Die Einheiten finden in kleinen, altersentsprechenden Gruppen statt, so k\u00f6nnen die Kinder gemeinsam &amp; voneinander lernen. Die Kinder bringen ihre W\u00fcnsche und Vorstellungen mit ein, so entstehen kreative und spannende Einheiten. <\/p>\n\n\n\n<p>In der Reitp\u00e4dagogik steht nicht das Reiten, sondern der Umgang mit dem Pferd im Mittelpunkt!<\/p>\n\n\n\n<p>Verf\u00fcgbare Pl\u00e4tze: \/<\/p>\n\n\n<div class=\"wp-block-image\">\n<figure class=\"aligncenter size-large is-resized\"><img decoding=\"async\" loading=\"lazy\" src=\"https:\/\/hanta-yo-riding.de\/wp-content\/uploads\/2022\/03\/jasper-1-819x1024.jpg\" alt=\"\" class=\"wp-image-739\" width=\"328\" height=\"406\"\/><figcaption class=\"wp-element-caption\"><br><br><\/figcaption><\/figure><\/div>\n\n\n<p class=\"has-text-align-center\"><\/p>\n","protected":false},"excerpt":{"rendered":"<p>Konsens statt Dominanz. Die Kommunikation zwischen dem Pferd und dem Kind als Einheit liegt im Fokus. Die Kinder lernen spielerisch wie Pferde sich mitteilen, wie sie denken und f\u00fchlen. Das&hellip; <\/p>\n","protected":false},"author":1,"featured_media":0,"parent":0,"menu_order":0,"comment_status":"closed","ping_status":"open","template":"","meta":[],"_links":{"self":[{"href":"https:\/\/hanta-yo-riding.de\/index.php?rest_route=\/wp\/v2\/pages\/2"}],"collection":[{"href":"https:\/\/hanta-yo-riding.de\/index.php?rest_route=\/wp\/v2\/pages"}],"about":[{"href":"https:\/\/hanta-yo-riding.de\/index.php?rest_route=\/wp\/v2\/types\/page"}],"author":[{"embeddable":true,"href":"https:\/\/hanta-yo-riding.de\/index.php?rest_route=\/wp\/v2\/users\/1"}],"replies":[{"embeddable":true,"href":"https:\/\/hanta-yo-riding.de\/index.php?rest_route=%2Fwp%2Fv2%2Fcomments&post=2"}],"version-history":[{"count":114,"href":"https:\/\/hanta-yo-riding.de\/index.php?rest_route=\/wp\/v2\/pages\/2\/revisions"}],"predecessor-version":[{"id":919,"href":"https:\/\/hanta-yo-riding.de\/index.php?rest_route=\/wp\/v2\/pages\/2\/revisions\/919"}],"wp:attachment":[{"href":"https:\/\/hanta-yo-riding.de\/index.php?rest_route=%2Fwp%2Fv2%2Fmedia&parent=2"}],"curies":[{"name":"wp","href":"https:\/\/api.w.org\/{rel}","templated":true}]}}